*g. Suppose -q = -w + 5. List the prime factors of q.
2
Let u = 4794 - 2232. What are the prime factors of u?
2, 3, 7, 61
Suppose 0*x + x - 119 = 4*n, 0 = -3*x + 3*n + 339. Let u = x - 93. List the prime factors of u.
2, 3
What are the prime factors of ((-14)/(-4)*-1)/(12/(-984))?
7, 41
Suppose 0 = -3*w + 1050 + 75. Suppose 5*f = w + 15. List the prime factors of f.
2, 3, 13
Suppose -31*r = -27*r - 316. List the prime factors of r.
79
Let h = -4 + 21. Let v = -7 + 17. Let o = h - v. What are the prime factors of o?
7
Suppose -284 = -p - 0*p. Suppose 0*f - p = -4*f. What are the prime factors of f?
71
Suppose p - 15 = -5*k, -6*p = -4*p - 5*k. Suppose 851 = p*x - 189. What are the prime factors of x?
2, 13
Let o = 61 + -22. Suppose 0 = 2*j - 3*j + o. List the prime factors of j.
3, 13
Let x be 66 - (-1 + 1 + -3). Let z = x - 47. What are the prime factors of z?
2, 11
Let g be (-5)/10*(1 + 1)*-23. Suppose -9 + g = s - c, 27 = 3*s + 2*c. List the prime factors of s.
11
Suppose -3*h + 67 = -2*k + 14, -k + 78 = 4*h. Suppose -17*r + h*r = 6. Suppose p + 2*o = 4*p - 111, -3*p + r*o = -108. List the prime factors of p.
3, 13
Suppose 1243*j - 1255*j = -50220. What are the prime factors of j?
3, 5, 31
Suppose -8 = 34*h - 36*h. Suppose 5 = 5*z - h*z. List the prime factors of z.
5
Let s(j) = 2*j + 13. Suppose 7*h = 4*h + 24. Let g be s(h). Suppose -x + o = -g, 2*x = o + 9 + 45. What are the prime factors of x?
5
Let h(l) = 1 - 2 - 2*l - 19*l**3 + 11*l**3 - 2*l**2. Let v be h(-1). What are the prime factors of (v - 6)*(22 - 1)?
3, 7
What are the prime factors of (-4)/(-18) + 22548/108?
11, 19
Let f = -103 + 291. Let g = -102 + f. What are the prime factors of g?
2, 43
Let s be 835/15 + (-4)/(-3). Suppose i + l - s = 0, 0 = 4*i - 2*l - 176 - 28. List the prime factors of i.
53
Suppose -49*q + 32*q + 12053 = 0. List the prime factors of q.
709
Suppose 3*m + 3*n = 63, 2*m + n - 13 = 29. Suppose -2*l + m = -163. What are the prime factors of l?
2, 23
Suppose -k - 305 = -2*m, -3*k - 807 + 42 = -5*m. List the prime factors of 8/2 - ((-4)/(-2) - m).
2, 19
Suppose 4*a - 1630 = -2*t - 624, 3*a = -t + 506. List the prime factors of t.
7, 71
Suppose 4*s + 3*n = 0, 0*s - s + 4*n = 0. Let c be s*(1 + (-3 - -3)). Suppose 0*k = -2*k + 2*w + 2, c = -5*k - 4*w + 32. List the prime factors of k.
2
Let w = -94 + -19. Let a = 167 + w. List the prime factors of a.
2, 3
Suppose 0 = 5*g - 4*h - 4506, g + 390 = h + 1291. What are the prime factors of g?
2, 11, 41
Suppose -4*c + 60 = -16. Suppose 13 = 4*u - c. List the prime factors of u.
2
Let y(g) be the first derivative of -g**2/2 + 8*g + 4. Let p be y(-14). List the prime factors of 392/p + (-10)/(-55).
2, 3
Let w(l) = l**2 + 8*l + 8. Let u be w(-7). Suppose -3*c + u - 7 = 0. Let d = 9 + c. What are the prime factors of d?
7
Let n = -1 + 7. Suppose -11*f = -n*f - 10. Suppose -2*z + 2 = k - 43, 0 = -f*k + 6. List the prime factors of z.
3, 7
Suppose 0 = 3*m - 17 - 13. Let d = m - 5. Suppose -4*x = x - d*g - 90, -x - 2*g = -6. List the prime factors of x.
2, 7
Let m(b) = b**3 - 7*b**2 + 9*b - 2. Let c be m(7). Suppose -d - c = -10. Let k = -3 - d. What are the prime factors of k?
2, 3
Suppose 5*t = j - 2360, -2*j + 4*j = 4*t + 4708. List the prime factors of j.
2, 5, 47
Let u(i) = i**3 - 5*i**2 - 5*i - 4. Let x be u(6). Suppose x*l = 5*l + 12. What are the prime factors of 60/(-9)*42/l?
2, 5, 7
Let v(m) = -10 + 47 + m - 6. List the prime factors of v(26).
3, 19
Let h = 161 - -417. List the prime factors of h.
2, 17
Let u(g) = 1 + 6 - 29*g + 16*g. What are the prime factors of u(-4)?
59
Let j(o) = -2*o - 17. Let d be j(5). Let h = 74 + d. List the prime factors of h.
47
Suppose 1 = -3*z - 2, 60 = 5*a + 5*z. Let o = a + 11. List the prime factors of o.
2, 3
What are the prime factors of ((-778)/(-7))/(7/(-98)*-2)?
2, 389
Let j = 293 + 1182. What are the prime factors of j?
5, 59
Suppose 4*x - 22 = 2*x. Let a = 80 - 76. Suppose 5*n - 81 = -3*z + x, z - 8 = a*n. What are the prime factors of z?
2, 3
Let d = -26 + 32. Suppose -d = -2*s + 4*s - p, 0 = 4*s + 2*p + 20. Let a = 19 - s. List the prime factors of a.
23
Let t = 587 + -343. Suppose -5*b + 3*i - 5*i + t = 0, 0 = b - 3*i - 59. What are the prime factors of b?
2, 5
Suppose 3*x = 5*j - 3767, 14*j - 2*x - 759 = 13*j. List the prime factors of j.
751
Let k = 27 - 15. Suppose -3*q + 0*q = -k. Suppose -a + 0*f + 29 = 2*f, -q*a + 100 = 4*f. List the prime factors of a.
3, 7
Let j(t) = 27. Let r(l) = l + 53. Let u(d) = -5*j(d) + 2*r(d). What are the prime factors of u(16)?
3
Let o be (-2 + (-56)/(-6))/((-3)/9). Let k = o + 121. What are the prime factors of k?
3, 11
Let c(m) = 2*m**2 + 14*m. Let s be c(-10). Let x = 10 + s. Suppose -x = -2*o - 14. What are the prime factors of o?
2, 7
Suppose 20*z + 32*z = 134212. List the prime factors of z.
29, 89
Suppose -1 = 2*c - 7. Suppose c*x = 2*j + 8*x - 324, 3*j + 5*x - 491 = 0. List the prime factors of j.
167
What are the prime factors of 2748*-7*(-4)/56?
2, 3, 229
Let n be 115/15 - (-4)/(-6). Suppose -v = -28 - n. Suppose 34 = i + 4*o - 3, -i + v = 3*o. What are the prime factors of i?
29
Let d(j) = 3*j - 5. Let m be d(6). Suppose 0 = -17*k + m*k + 240. Let q = k - 22. List the prime factors of q.
2, 19
Suppose -3*i = -399 - 216. List the prime factors of i.
5, 41
Let m(a) = -2*a**3 - 6*a**2 + 15*a + 25. What are the prime factors of m(-12)?
2437
Let k = 5 + -2. Suppose k*w + 4*b - 16 = 0, 3*b - 19 = -0*w - 4*w. Suppose 2*u + 0*u = w. What are the prime factors of u?
2
Let d(j) = 3*j - 1. Let p be d(-1). Suppose 3*w + 42 = w + 2*y, -5*y = 3*w + 87. Let i = p - w. List the prime factors of i.
2, 5
Let o(z) = -z**3 - 5*z**2 - z + 1. Let f be o(-5). Let j be f - 5 - (-54)/2. Suppose 3*n - j = -2*u, 0*u + n + 28 = 4*u. List the prime factors of u.
2
Let v(q) = -16*q**3 - 3*q**2 - 3*q - 3. Let k be v(-2). Let a(w) = 23*w + 7. Let y be a(-4). Let j = y + k. What are the prime factors of j?
2, 17
Let m = -5 + 16. Let n = m - 8. Suppose n*l - 22 = -4. What are the prime factors of l?
2, 3
Let f be 65*(27/(-15))/(-3). Suppose -5*o + 2*o + f = 0. Suppose o - 51 = -p. What are the prime factors of p?
2, 19
Let n(b) = 2*b + 15. Let l be n(-5). Suppose l*y = 9*y + 2*z - 622, 5*y + 3*z = 775. What are the prime factors of y?
2, 79
Let p(k) = 48*k - 31. What are the prime factors of p(9)?
401
Suppose 8*k + 5 = 3*k. Let p be (2 - k) + -14 + -1. List the prime factors of (-162)/(-8) - 9/p.
3, 7
Let v = -897 - -1570. List the prime factors of v.
673
Let z(r) be the third derivative of 11*r**4/12 + r**3/3 - 3*r**2. What are the prime factors of z(2)?
2, 23
Let r(b) = 17*b**2 - 8*b + 4. List the prime factors of r(4).
2, 61
Let o(g) = g - 22. Let d be o(19). What are the prime factors of d - 12/3*-11?
41
What are the prime factors of (1*(-4)/4)/((-10)/2210)?
13, 17
Let k(i) = i**2 + 15*i + 53. What are the prime factors of k(-28)?
3, 139
Let j be (-4)/(5/(25/(-2))). Let s be 12/j + (-8)/(-10). Suppose t + s*t + 41 = 5*r, -4*r - 2*t + 46 = 0. What are the prime factors of r?
2, 5
Suppose 0*x = 3*x - 12, 1528 = 2*j + x. Suppose -3*w + 0*c = -3*c - j, -4*c - 245 = -w. What are the prime factors of w?
257
Let z(q) = -3*q**3 - q**2 - 2*q. Let a be z(-2). Let t = a + -22. Suppose -2*g + 260 = t*g. What are the prime factors of g?
5, 13
Suppose 5*c + 15 = z, -3*c - 3*z - 31 = -8*z. List the prime factors of c/3*(-9)/2.
3
Suppose -75*v = -69*v - 1446. List the prime factors of v.
241
Suppose -8 = 4*y - 8*y. Let v be y*-5*3/(-2). Suppose -4*a + 9*a = v. What are the prime factors of a?
3
Let q = 38 - 35. Let h(c) = 2*c**2 - 3*c + 4*c**2 - c. List the prime factors of h(q).
2, 3, 7
Let d = -30 + 33. Suppose d*m = 7*m - 12. Suppose 0 = 2*y - y + i - 27, -m*y = -4*i - 88. List the prime factors of y.
2, 7
Let u(n) = 2*n**2 + 3*n - 4. Let a be u(-5). Suppose -6 + a = 5*h. What are the prime factors of 2/h - (-386)/10?
3, 13
Suppose 0 = -3*s - 2*j - 96 + 288, -2*j + 316 = 5*s. What are the prime factors of 1/(187/s + -3)?
2, 31
Suppose 0 = g - 5*g + 40. Suppose -2*r + 0*r = 3*d - 14, g = 2*d + r. Let x = 1 + d. List the prime factors of x.
7
Let y be ((-1)/1)/(-1) + 1. Let l be (15/(-2))/(-5)*y. Suppose 2*f - 21 = l*z + 38, -4*f + 4*z = -116. What are the prime facto